1, 433
List the prime factors of 34827.
3, 13, 19, 47
What are the prime factors of 29868?
2, 3, 19, 131
List the prime factors of 1447.
1447
What are the prime factors of 11475?
3, 5, 17
List the prime factors of 84938.
2, 7, 6067
What are the prime factors of 17225?
5, 13, 53
List the prime factors of 928.
2, 29
What are the prime factors of 8335?
5, 1667
List the prime factors of 60411.
3, 13, 1549
List the prime factors of 1173.
3, 17, 23
What are the prime factors of 16804?
2, 4201
List the prime factors of 723.
3, 241
List the prime factors of 801.
3, 89
List the prime factors of 968.
2, 11
What are the prime factors of 4783?
4783
What are the prime factors of 70366?
2, 151, 233
List the prime factors of 2885.
5, 577
List the prime factors of 519.
3, 173
What are the prime factors of 4980?
2, 3, 5, 83
List the prime factors of 966.
2, 3, 7, 23
List the prime factors of 2392.
2, 13, 23
List the prime factors of 3999.
3, 31, 43
What are the prime factors of 5816?
2, 727
What are the prime factors of 2645?
5, 23
What are the prime factors of 1335?
3, 5, 89
List the prime factors of 324.
2, 3
List the prime factors of 1668.
2, 3, 139
What are the prime factors of 2416?
2, 151
List the prime factors of 16357.
11, 1487
List the prime factors of 28900.
2, 5, 17
What are the prime factors of 1297?
1297
List the prime factors of 3933.
3, 19, 23
What are the prime factors of 51853?
51853
What are the prime factors of 7175?
5, 7, 41
List the prime factors of 13962.
2, 3, 13, 179
List the prime factors of 1378.
2, 13, 53
List the prime factors of 724.
2, 181
What are the prime factors of 11748?
2, 3, 11, 89
What are the prime factors of 1461?
3, 487
List the prime factors of 8039.
8039
List the prime factors of 141392.
2, 8837
What are the prime factors of 7084?
2, 7, 11, 23
What are the prime factors of 120187?
31, 3877
What are the prime factors of 2089?
2089
What are the prime factors of 2045?
5, 409
List the prime factors of 50217.
3, 19, 881
What are the prime factors of 11675?
5, 467
What are the prime factors of 2810?
2, 5, 281
List the prime factors of 2099.
2099
List the prime factors of 3415.
5, 683
List the prime factors of 6689.
6689
What are the prime factors of 23511?
3, 17, 461
List the prime factors of 4090.
2, 5, 409
List the prime factors of 35366.
2, 17683
What are the prime factors of 1054?
2, 17, 31
What are the prime factors of 1355?
5, 271
What are the prime factors of 38092?
2, 89, 107
List the prime factors of 1386.
2, 3, 7, 11
List the prime factors of 2106.
2, 3, 13
What are the prime factors of 568?
2, 71
What are the prime factors of 2730?
2, 3, 5, 7, 13
What are the prime factors of 35592?
2, 3, 1483
What are the prime factors of 32709?
3, 10903
What are the prime factors of 21549?
3, 11, 653
List the prime factors of 2821.
7, 13, 31
List the prime factors of 5640.
2, 3, 5, 47
List the prime factors of 10294.
2, 5147
List the prime factors of 691.
691
List the prime factors of 22320.
2, 3, 5, 31
List the prime factors of 1062.
2, 3, 59
What are the prime factors of 6869?
6869
List the prime factors of 106.
2, 53
List the prime factors of 29836.
2, 7459
List the prime factors of 501.
3, 167
What are the prime factors of 1338?
2, 3, 223
What are the prime factors of 34981?
34981
What are the prime factors of 12449?
59, 211
What are the prime factors of 1230?
2, 3, 5, 41
List the prime factors of 76948.
2, 19237
What are the prime factors of 234?
2, 3, 13
List the prime factors of 51364.
2, 12841
What are the prime factors of 4719?
3, 11, 13
What are the prime factors of 2145?
3, 5, 11, 13
List the prime factors of 1667.
1667
What are the prime factors of 1196?
2, 13, 23
List the prime factors of 5799.
3, 1933
List the prime factors of 1302.
2, 3, 7, 31
What are the prime factors of 10239?
3, 3413
List the prime factors of 970.
2, 5, 97
List the prime factors of 50211.
3, 7, 797
What are the prime factors of 25871?
41, 631
List the prime factors of 14027.
13, 83
List the prime factors of 1664.
2, 13
List the prime factors of 38208.
2, 3, 199
What are the prime factors of 8138?
2, 13, 313
List the prime factors of 170764.
2, 11, 3881
What are the prime factors of 195?
3, 5, 13
What are the prime factors of 40663?
7, 37, 157
What are the prime factors of 23168?
2, 181
List the prime factors of 63814.
2, 31907
List the prime factors of 5875.
5, 47
List the prime factors of 20083.
7, 19, 151
What are the prime factors of 175?
5, 7
What are the prime factors of 851?
23, 37
What are the prime factors of 660?
2, 3, 5, 11
What are the prime factors of 83839?
7, 29, 59
List the prime factors of 494.
2, 13, 19
What are the prime factors of 85?
5, 17
What are the prime factors of 127142?
2, 151, 421
List the prime factors of 25777.
149, 173
List the prime factors of 1251.
3, 139
List the prime factors of 128833.
128833
What are the prime factors of 28917?
3, 7, 17
List the prime factors of 51917.
193, 269
List the prime factors of 53945.
5, 10789
What are the prime factors of 98075?
5, 3923
List the prime factors of 140265.
3, 5, 1039
What are the prime factors of 3500?
2, 5, 7
What are the prime factors of 87158?
2, 43579
What are the prime factors of 35642?
2, 71, 251
What are the prime factors of 12434?
2, 6217
What are the prime factors of 9891?
3, 7, 157
List the prime factors of 2364.
2, 3, 197
List the prime factors of 30892.
2, 7723
List the prime factors of 1946.
2, 7, 139
What are the prime factors of 8754?
2, 3, 1459
What are the prime factors of 118?
2, 59
What are the prime factors of 86100?
2, 3, 5, 7, 41
List the prime factors of 1038.
2, 3, 173
What are the prime factors of 16113?
3, 41, 131
What are the prime factors of 26474?
2, 7, 31, 61
List the prime factors of 20688.
2, 3, 431
What are the prime factors of 5733?
3, 7, 13
List the prime factors of 82472.
2, 13, 61
What are the prime factors of 231?
3, 7, 11
List the prime factors of 1224.
2, 3, 17
List the prime factors of 28652.
2, 13, 19, 29
What are the prime factors of 58774?
2, 29387
What are the prime factors of 81371?
81371
What are the prime factors of 30021?
3, 10007
What are the prime factors of 680?
2, 5, 17
What are the prime factors of 30757?
30757
What are the prime factors of 21456?
2, 3, 149
List the prime factors of 4495.
5, 29, 31
What are the prime factors of 1314?
2, 3, 73
What are the prime factors of 530?
2, 5, 53
List the prime factors of 69783.
3, 7, 3323
What are the prime factors of 2910?
2, 3, 5, 97
List the prime factors of 1912.
2, 239
List the prime factors of 165.
3, 5, 11
What are the prime factors of 138193?
11, 17, 739
List the prime factors of 1172.
2, 293
List the prime factors of 2881.
43, 67
What are the prime factors of 1240?
2, 5, 31
What are the prime factors of 92888?
2, 17, 683
What are the prime factors of 5310?
2, 3, 5, 59
What are the prime factors of 1018?
2, 509
List the prime factors of 4476.
2, 3, 373
What are the prime factors of 1081?
23, 47
List the prime factors of 102250.
2, 5, 409
What are the prime factors of 7376?
2, 461
List the prime factors of 219.
3, 73
What are the prime factors of 524?
2, 131
List the prime factors of 12918.
2, 3, 2153
List the prime factors of 31375.
5, 251
List the prime factors of 2281.
2281
List the prime factors of 3429.
3, 127
What are the prime factors of 10870?
2, 5, 1087
What are the prime factors of 309?
3, 103
What are the prime factors of 3349?
17, 197
List the prime factors of 6069.
3, 7, 17
What are the prime factors of 2007?
3, 223
What are the prime factors of 1195?
5, 239
List the prime factors of 44793.
3, 7, 79
What are the prime factors of 9065?
5, 7, 37
What are the prime factors of 1566?
2, 3, 29
List the prime factors of 56.
2, 7
List the prime factors of 41096.
2, 11, 467
What are the prime factors of 9166?
2, 4583
List the prime factors of 1782.
2, 3, 11
What are the prime factors of 765?
3, 5, 17
List the prime factors of 60518.
2, 30259
What are the prime factors of 3006?
2, 3, 167
List the prime factors of 3114.
2, 3, 173
List the prime factors of 1803.
3, 601
What are the prime factors of 53761?
37, 1453
What are the prime factors of 1218?
2, 3, 7, 29
What are the prime factors of 24316?
2, 6079
What are the prime factors of 2820?
2, 3, 5, 47
List th